7.
59, 173
List the prime factors of 105.
3, 5, 7
List the prime factors of 1041.
3, 347
What are the prime factors of 95542?
2, 23, 31, 67
What are the prime factors of 117763?
117763
What are the prime factors of 13430?
2, 5, 17, 79
List the prime factors of 4144.
2, 7, 37
What are the prime factors of 977?
977
List the prime factors of 815.
5, 163
What are the prime factors of 636?
2, 3, 53
List the prime factors of 283.
283
List the prime factors of 41611.
41611
List the prime factors of 11751.
3, 3917
What are the prime factors of 8323?
7, 29, 41
List the prime factors of 4284.
2, 3, 7, 17
List the prime factors of 9124.
2, 2281
What are the prime factors of 25653?
3, 17, 503
List the prime factors of 578.
2, 17
List the prime factors of 9626.
2, 4813
List the prime factors of 128725.
5, 19, 271
List the prime factors of 5824.
2, 7, 13
What are the prime factors of 44428?
2, 29, 383
What are the prime factors of 858?
2, 3, 11, 13
List the prime factors of 691.
691
What are the prime factors of 69403?
69403
List the prime factors of 39.
3, 13
What are the prime factors of 36647?
13, 2819
What are the prime factors of 492?
2, 3, 41
List the prime factors of 526.
2, 263
List the prime factors of 2811.
3, 937
List the prime factors of 6605.
5, 1321
List the prime factors of 5171.
5171
List the prime factors of 2135.
5, 7, 61
List the prime factors of 413.
7, 59
What are the prime factors of 27152?
2, 1697
What are the prime factors of 5391?
3, 599
List the prime factors of 1047.
3, 349
List the prime factors of 4280.
2, 5, 107
What are the prime factors of 12768?
2, 3, 7, 19
What are the prime factors of 26111?
26111
What are the prime factors of 866?
2, 433
What are the prime factors of 555?
3, 5, 37
What are the prime factors of 18254?
2, 9127
List the prime factors of 3964.
2, 991
List the prime factors of 1660.
2, 5, 83
List the prime factors of 12152.
2, 7, 31
List the prime factors of 109851.
3, 7, 5231
What are the prime factors of 12845?
5, 7, 367
List the prime factors of 516.
2, 3, 43
List the prime factors of 2098.
2, 1049
List the prime factors of 59430.
2, 3, 5, 7, 283
What are the prime factors of 10343?
10343
What are the prime factors of 436?
2, 109
List the prime factors of 33162.
2, 3, 5527
What are the prime factors of 67428?
2, 3, 1873
List the prime factors of 36525.
3, 5, 487
List the prime factors of 3738.
2, 3, 7, 89
List the prime factors of 66508.
2, 13, 1279
List the prime factors of 675.
3, 5
What are the prime factors of 7924?
2, 7, 283
What are the prime factors of 9035?
5, 13, 139
What are the prime factors of 3964?
2, 991
List the prime factors of 10073.
7, 1439
What are the prime factors of 675?
3, 5
List the prime factors of 3461.
3461
List the prime factors of 837.
3, 31
List the prime factors of 3818.
2, 23, 83
What are the prime factors of 1048?
2, 131
What are the prime factors of 12515?
5, 2503
List the prime factors of 14240.
2, 5, 89
What are the prime factors of 51389?
13, 59, 67
What are the prime factors of 12559?
19, 661
What are the prime factors of 56797?
13, 17, 257
List the prime factors of 121.
11
What are the prime factors of 506?
2, 11, 23
What are the prime factors of 38536?
2, 4817
What are the prime factors of 63081?
3, 43, 163
List the prime factors of 3154.
2, 19, 83
List the prime factors of 42019.
42019
List the prime factors of 426.
2, 3, 71
What are the prime factors of 177205?
5, 7, 61, 83
List the prime factors of 6349.
7, 907
What are the prime factors of 2055?
3, 5, 137
What are the prime factors of 690?
2, 3, 5, 23
List the prime factors of 11729.
37, 317
What are the prime factors of 5197?
5197
What are the prime factors of 101621?
13, 7817
What are the prime factors of 56798?
2, 7, 4057
What are the prime factors of 2319?
3, 773
What are the prime factors of 5449?
5449
What are the prime factors of 46452?
2, 3, 7, 79
What are the prime factors of 9647?
11, 877
What are the prime factors of 610?
2, 5, 61
List the prime factors of 77399.
7, 11057
List the prime factors of 2987.
29, 103
What are the prime factors of 15350?
2, 5, 307
List the prime factors of 55556.
2, 17, 19, 43
List the prime factors of 7823.
7823
List the prime factors of 5715.
3, 5, 127
List the prime factors of 968.
2, 11
List the prime factors of 27566.
2, 7, 11, 179
List the prime factors of 10755.
3, 5, 239
List the prime factors of 1096.
2, 137
List the prime factors of 110285.
5, 7, 23, 137
What are the prime factors of 3636?
2, 3, 101
What are the prime factors of 3016?
2, 13, 29
List the prime factors of 65555.
5, 7, 1873
What are the prime factors of 824?
2, 103
List the prime factors of 9058.
2, 7, 647
What are the prime factors of 2068?
2, 11, 47
What are the prime factors of 701?
701
What are the prime factors of 45912?
2, 3, 1913
List the prime factors of 328.
2, 41
List the prime factors of 1065.
3, 5, 71
List the prime factors of 1360.
2, 5, 17
What are the prime factors of 8050?
2, 5, 7, 23
What are the prime factors of 479?
479
List the prime factors of 3291.
3, 1097
What are the prime factors of 13902?
2, 3, 7, 331
What are the prime factors of 1459?
1459
List the prime factors of 13973.
89, 157
List the prime factors of 22738.
2, 11369
List the prime factors of 7743.
3, 29, 89
What are the prime factors of 11424?
2, 3, 7, 17
List the prime factors of 13291.
13291
What are the prime factors of 53127?
3, 5903
List the prime factors of 8758.
2, 29, 151
List the prime factors of 413.
7, 59
List the prime factors of 3117.
3, 1039
List the prime factors of 11894.
2, 19, 313
List the prime factors of 2198.
2, 7, 157
What are the prime factors of 100?
2, 5
What are the prime factors of 7446?
2, 3, 17, 73
List the prime factors of 71774.
2, 17, 2111
List the prime factors of 3213.
3, 7, 17
List the prime factors of 3076.
2, 769
What are the prime factors of 12151?
29, 419
What are the prime factors of 2234?
2, 1117
List the prime factors of 4227.
3, 1409
What are the prime factors of 56?
2, 7
What are the prime factors of 5515?
5, 1103
List the prime factors of 10929.
3, 3643
What are the prime factors of 31735?
5, 11, 577
List the prime factors of 75377.
75377
List the prime factors of 966.
2, 3, 7, 23
List the prime factors of 1205.
5, 241
What are the prime factors of 648?
2, 3
List the prime factors of 1463.
7, 11, 19
List the prime factors of 23306.
2, 43, 271
List the prime factors of 9097.
11, 827
What are the prime factors of 151?
151
List the prime factors of 7936.
2, 31
List the prime factors of 2275.
5, 7, 13
List the prime factors of 5331.
3, 1777
What are the prime factors of 118462?
2, 61, 971
What are the prime factors of 548?
2, 137
List the prime factors of 5190.
2, 3, 5, 173
What are the prime factors of 3429?
3, 127
List the prime factors of 88.
2, 11
What are the prime factors of 944?
2, 59
List the prime factors of 118950.
2, 3, 5, 13, 61
What are the prime factors of 5180?
2, 5, 7, 37
List the prime factors of 141219.
3, 13, 17, 71
What are the prime factors of 922?
2, 461
List the prime factors of 1096.
2, 137
List the prime factors of 5698.
2, 7, 11, 37
What are the prime factors of 114185?
5, 41, 557
List the prime factors of 17364.
2, 3, 1447
List the prime factors of 1444.
2, 19
List the prime factors of 5413.
5413
What are the prime factors of 351?
3, 13
List the prime factors of 2560.
2, 5
What are the prime factors of 1136?
2, 71
List the prime factors of 804.
2, 3, 67
List the prime factors of 19689.
3, 6563
List the prime factors of 38340.
2, 3, 5, 71
List the prime factors of 2281.
2281
List the prime factors of 7542.
2, 3, 419
What are the prime factors of 3210?
2, 3, 5, 107
What are the prime factors of 2314?
2, 13, 89
List the prime factors of 1732.
2, 433
What are the prime factors of 48684?
2, 3, 4057
What are the prime factors of 1381?
1381
List the prime factors of 2513.
7, 359
List the prime factors of 3717.
3, 7, 59
List the prime factors of 8270.
2, 5, 827
What are the prime factors of 7012?
2, 1753
What are the prime factors of 67363?
31, 41, 53
List the prime factors of 1856.
2, 29
What are the prime factors of 17038?
2, 7, 1217
What are the prime factors of 2364?
2, 3, 197
What are the prime factors of 25459?
7, 3637
List the prime factors of 5978.
